emainder when 21641 is divided by 655?
26
What is the remainder when 26543 is divided by 13266?
11
Calculate the remainder when 939791 is divided by 341.
336
What is the remainder when 36137 is divided by 130?
127
What is the remainder when 25924 is divided by 513?
274
Calculate the remainder when 892942 is divided by 216.
214
What is the remainder when 447466 is divided by 149118?
112
What is the remainder when 596301 is divided by 64?
13
What is the remainder when 1850313 is divided by 39?
36
What is the remainder when 551 is divided by 410?
141
Calculate the remainder when 56737 is divided by 18903.
28
Calculate the remainder when 27759 is divided by 13860.
39
What is the remainder when 1146260 is divided by 21227?
2
Calculate the remainder when 741584 is divided by 658.
18
What is the remainder when 849 is divided by 6?
3
Calculate the remainder when 28130 is divided by 21.
11
Calculate the remainder when 34978 is divided by 902.
702
What is the remainder when 20313 is divided by 12?
9
What is the remainder when 39701 is divided by 413?
53
Calculate the remainder when 265541 is divided by 2505.
11
Calculate the remainder when 117845 is divided by 879.
59
Calculate the remainder when 81915 is divided by 2279.
2150
What is the remainder when 674 is divided by 8?
2
Calculate the remainder when 1124 is divided by 380.
364
Calculate the remainder when 87262 is divided by 230.
92
What is the remainder when 3646 is divided by 906?
22
Calculate the remainder when 1183184 is divided by 118.
116
What is the remainder when 3995 is divided by 755?
220
What is the remainder when 7765 is divided by 16?
5
What is the remainder when 150668 is divided by 610?
608
What is the remainder when 83807 is divided by 9311?
8
Calculate the remainder when 302 is divided by 192.
110
Calculate the remainder when 128664 is divided by 32165.
4
What is the remainder when 43400 is divided by 253?
137
What is the remainder when 7699 is divided by 278?
193
Calculate the remainder when 2348 is divided by 219.
158
Calculate the remainder when 167026 is divided by 194.
186
Calculate the remainder when 3240 is divided by 750.
240
What is the remainder when 25875 is divided by 858?
135
Calculate the remainder when 4269 is divided by 4125.
144
Calculate the remainder when 120925 is divided by 4169.
24
What is the remainder when 78104 is divided by 2229?
89
What is the remainder when 503754 is divided by 51?
27
What is the remainder when 1505941 is divided by 250990?
1
Calculate the remainder when 15120 is divided by 5000.
120
Calculate the remainder when 14974 is divided by 288.
286
Calculate the remainder when 31295 is divided by 10383.
146
Calculate the remainder when 4747 is divided by 3354.
1393
Calculate the remainder when 18277 is divided by 1661.
6
Calculate the remainder when 3121 is divided by 4.
1
Calculate the remainder when 5002 is divided by 377.
101
What is the remainder when 32148 is divided by 979?
820
Calculate the remainder when 9113 is divided by 2278.
1
Calculate the remainder when 4375 is divided by 364.
7
What is the remainder when 38610 is divided by 368?
338
What is the remainder when 146090 is divided by 121?
43
What is the remainder when 13187 is divided by 98?
55
Calculate the remainder when 50618 is divided by 81.
74
What is the remainder when 2750613 is divided by 207?
204
What is the remainder when 3083 is divided by 308?
3
Calculate the remainder when 16168 is divided by 1468.
20
What is the remainder when 1221 is divided by 656?
565
Calculate the remainder when 784756 is divided by 87194.
10
What is the remainder when 81830 is divided by 5?
0
What is the remainder when 11835 is divided by 1816?
939
Calculate the remainder when 7456 is divided by 7449.
7
Calculate the remainder when 35505 is divided by 17746.
13
Calculate the remainder when 5128 is divided by 171.
169
What is the remainder when 45869 is divided by 25?
19
What is the remainder when 1700 is divided by 94?
8
Calculate the remainder when 718763 is divided by 1068.
1067
What is the remainder when 12151 is divided by 160?
151
What is the remainder when 3366 is divided by 919?
609
Calculate the remainder when 3883 is divided by 766.
53
What is the remainder when 1970890 is divided by 396?
394
What is the remainder when 4268 is divided by 343?
152
Calculate the remainder when 830243 is divided by 6.
5
Calculate the remainder when 26682 is divided by 196.
26
What is the remainder when 1869263 is divided by 24?
23
Calculate the remainder when 32073 is divided by 229.
13
What is the remainder when 17542 is divided by 50?
42
What is the remainder when 24465 is divided by 9?
3
Calculate the remainder when 3747 is divided by 1193.
168
Calculate the remainder when 521 is divided by 34.
11
What is the remainder when 1283 is divided by 410?
53
What is the remainder when 498 is divided by 158?
24
Calculate the remainder when 5512 is divided by 174.
118
What is the remainder when 2207 is divided by 450?
407
What is the remainder when 65545 is divided by 3?
1
What is the remainder when 10391 is divided by 932?
139
Calculate the remainder when 3441118 is divided by 804.
802
What is the remainder when 114480 is divided by 28620?
0
Calculate the remainder when 12969 is divided by 541.
526
Calculate the remainder when 15360 is divided by 105.
30
Calculate the remainder when 67351 is divided by 18.
13
Calculate the remainder when 380814 is divided by 4.
2
What is the remainder when 1480198 is divided by 91?
83
Calculate the remainder when 5372 is divided by 5372.
0
What is the remainder when 495281 is divided by 47?
42
Calculate the remainder when 46020 is divided by 15335.
15
What is the remainder when 4028 is divided by 397?
58
What is the remainder when 91535 is divided by 31?
23
Calculate the remainder when 9357 is divided by 68.
41
What is the remainder when 84908 is divided by 36?
20
What is the remainder when 323853 is divided by 788?
773
What is the remainder when 3407 is divided by 308?
19
Calculate the remainder when 61159 is divided by 827.
788
Calculate the remainder when 80032 is divided by 428.
424
Calculate the remainder when 6154 is divided by 219.
22
Calculate the remainder when 1048 is divided by 222.
160
What is the remainder when 232868 is divided by 744?
740
Calculate the remainder when 14512 is divided by 1609.
31
What is the remainder when 100769 is divided by 119?
95
Calculate the remainder when 5700 is divided by 259.
2
What is the remainder when 2460303 is divided by 60007?
16
What is the remainder when 20584 is divided by 194?
20
What is the remainder when 136062 is divided by 110?
102
What is the remainder when 102804 is divided by 17?
5
What is the remainder when 744 is divided by 96?
72
What is the remainder when 2298 is divided by 490?
338
What is the remainder when 11885 is divided by 331?
300
What is the remainder when 17313 is divided by 211?
11
What is the remainder when 3138 is divided by 605?
113
Calculate the remainder when 46025 is divided by 23009.
7
Calculate the remainder when 1312 is divided by 1076.
236
What is the remainder when 33544 is divided by 275?
269
What is the remainder when 2625 is divided by 374?
7
Calculate the remainder when 5776 is divided by 250.
26
What is the remainder when 178 is divided by 146?
32
Calculate the remainder when 10736 is divided by 743.
334
Calculate the remainder when 8838298 is divided by 85.
83
Calculate the remainder when 20802 is divided by 822.
252
Calculate the remainder when 269 is divided by 25.
19
Calculate the remainder when 1792050 is divided by 18.
6
What is the remainder when 45283 is divided by 50?
33
Calculate the remainder when 121161 is divided by 47.
42
What is the remainder when 141055 is divided by 16?
15
What is the remainder when 2357 is divided by 108?
89
What is the remainder when 94248 is divided by 1122?
0
Calculate the remainder when 19485 is divided by 106.
87
Calculate the remainder when 4435 is divided by 105.
25
Calculate the remainder when 233 is divided by 228.
5
What is the remainder when 68824 is divided by 983?
14
Calculate the remainder when 48043 is divided by 273.
268
Calculate the remainder when 34919 is divided by 448.
423
What is the remainder when 3452 is divided by 16?
12
Calculate